1047?
4
What is the tens digit of 1741246?
4
What is the thousands digit of 197012?
7
What is the hundreds digit of 6517458?
4
What is the ten thousands digit of 1903631?
0
What is the ten thousands digit of 15031218?
3
What is the units digit of 3044451?
1
What is the tens digit of 119688?
8
What is the thousands digit of 895140?
5
What is the tens digit of 2887981?
8
What is the thousands digit of 1852302?
2
What is the ten thousands digit of 1003679?
0
What is the tens digit of 847863?
6
What is the units digit of 2086442?
2
What is the hundred thousands digit of 6033258?
0
What is the units digit of 7269484?
4
What is the units digit of 485743?
3
What is the hundreds digit of 15628802?
8
What is the hundred thousands digit of 443584?
4
What is the millions digit of 7222334?
7
What is the millions digit of 17478625?
7
What is the millions digit of 1624908?
1
What is the millions digit of 16835906?
6
What is the hundreds digit of 348346?
3
What is the millions digit of 1540301?
1
What is the units digit of 4601336?
6
What is the millions digit of 3808226?
3
What is the hundred thousands digit of 125599?
1
What is the tens digit of 38757?
5
What is the units digit of 16534327?
7
What is the units digit of 330432?
2
What is the units digit of 44339?
9
What is the hundreds digit of 5995935?
9
What is the tens digit of 1197518?
1
What is the hundreds digit of 4153572?
5
What is the units digit of 750510?
0
What is the hundreds digit of 352523?
5
What is the tens digit of 4058836?
3
What is the tens digit of 1301154?
5
What is the units digit of 1349302?
2
What is the millions digit of 4904896?
4
What is the hundred thousands digit of 328734?
3
What is the hundred thousands digit of 1223103?
2
What is the ten thousands digit of 8257938?
5
What is the tens digit of 3401194?
9
What is the hundred thousands digit of 2518433?
5
What is the millions digit of 2049109?
2
What is the thousands digit of 6928917?
8
What is the ten millions digit of 12275705?
1
What is the ten thousands digit of 3005822?
0
What is the hundreds digit of 485499?
4
What is the units digit of 601085?
5
What is the tens digit of 2805721?
2
What is the units digit of 298978?
8
What is the ten millions digit of 14736285?
1
What is the tens digit of 4643842?
4
What is the ten thousands digit of 540943?
4
What is the units digit of 5524763?
3
What is the thousands digit of 1236608?
6
What is the units digit of 24400405?
5
What is the units digit of 816579?
9
What is the thousands digit of 151523?
1
What is the ten thousands digit of 2158346?
5
What is the units digit of 76972?
2
What is the units digit of 7782818?
8
What is the thousands digit of 88266?
8
What is the ten millions digit of 14230610?
1
What is the hundred thousands digit of 2727446?
7
What is the hundred thousands digit of 1511709?
5
What is the tens digit of 1728029?
2
What is the tens digit of 1329465?
6
What is the tens digit of 13374699?
9
What is the units digit of 4487316?
6
What is the ten thousands digit of 544831?
4
What is the thousands digit of 223298?
3
What is the thousands digit of 153718?
3
What is the ten thousands digit of 3242870?
4
What is the thousands digit of 1642450?
2
What is the ten thousands digit of 79230?
7
What is the hundred thousands digit of 175668?
1
What is the thousands digit of 2343070?
3
What is the millions digit of 2719825?
2
What is the ten thousands digit of 342402?
4
What is the hundred thousands digit of 575888?
5
What is the hundred thousands digit of 2962080?
9
What is the units digit of 3273606?
6
What is the hundred thousands digit of 3420331?
4
What is the thousands digit of 125221?
5
What is the thousands digit of 91523?
1
What is the tens digit of 584121?
2
What is the thousands digit of 298575?
8
What is the ten thousands digit of 22216053?
1
What is the ten millions digit of 15828349?
1
What is the hundred thousands digit of 946948?
9
What is the hundred thousands digit of 8467118?
4
What is the thousands digit of 413587?
3
What is the thousands digit of 2922215?
2
What is the ten thousands digit of 6450992?
5
What is the tens digit of 444?
4
What is the ten millions digit of 11155883?
1
What is the hundred thousands digit of 587914?
5
What is the millions digit of 4647456?
4
What is the hundreds digit of 14420263?
2
What is the tens digit of 180658?
5
What is the hundred thousands digit of 2270806?
2
What is the hundred thousands digit of 170427?
1
What is the hundred thousands digit of 3495718?
4
What is the hundred thousands digit of 20465102?
4
What is the millions digit of 1398330?
1
What is the hundred thousands digit of 3056463?
0
What is the thousands digit of 13478316?
8
What is the hundred thousands digit of 6351832?
3
What is the units digit of 2091?
1
What is the tens digit of 1892075?
7
What is the hundred thousands digit of 879447?
8
What is the hundred thousands digit of 280994?
2
What is the hundreds digit of 4083912?
9
What is the units digit of 268798?
8
What is the thousands digit of 477509?
7
What is the hundreds digit of 8815?
8
What is the tens digit of 774226?
2
What is the units digit of 241496?
6
What is the thousands digit of 85309?
5
What is the tens digit of 1189092?
9
What is the hundred thousands digit of 7601575?
6
What is the hundreds digit of 11321?
3
What is the tens digit of 231206?
0
What is the hundreds digit of 169328?
3
What is the hundreds digit of 1300075?
0
What is the ten thousands digit of 1789335?
8
What is the thousands digit of 3267259?
7
What is the hundreds digit of 41873?
8
What is the tens digit of 25553391?
9
What is the thousands digit of 25917?
5
What is the hundreds digit of 1905311?
3
What is the ten thousands digit of 437608?
3
What is the thousands digit of 267179?
7
What is the millions digit of 1741795?
1
What is the units digit of 290229?
9
What is the hundred thousands digit of 1784930?
7
What is the ten thousands digit of 8156206?
5
What is the thousands digit of 114049?
4
What is the thousands digit of 14581674?
1
What is the hundreds digit of 18468863?
8
What is the ten thousands digit of 248887?
4
What is the thousands digit of 103808?
3
What is the units digit of 542204?
4
What is the hundreds digit of 78168?
1
What is the tens digit of 98773?
7
What is the tens digit of 986129?
2
What is the hundreds digit of 10184557?
5
What is the ten thousands digit of 713750?
1
What is the hundred thousands digit of 1629940?
6
What is the ten thousands digit of 263538?
6
What is the hundred thousands digit of 6166189?
1
What is the units digit of 290907?
7
What is the ten thousands digit of 316216?
1
What is the thousands digit of 232582?
2
What is the hundreds digit of 251315?
3
What is the ten thousands digit of 348796?
4
What is the millions digit of 2104351?
2
What is the ten thousands digit of 6911624?
1
What is the hundreds digit of 5339844?
8
What is the thousands digit of 24285?
4
What is the units digit of 2694829?
9
What is the hundreds digit of 16969?
9
What is the tens digit of 74774?
7
What is the units digit of 228778?
8
What is the ten thousands digit of 520502?
2
What is the units digit of 2459288?
8
What is the units digit of 4922379?
9
What is the hundreds digit of 353266?
2
What is the ten thousands digit of 998183?
9
What is the units digit of 7660876?
6
What is the ten thousands digit of 2453793?
5
What is the units digit of 2194818?
8
What is the hundreds digit of 3984801?
8
What is the hundreds digit of 128302?
3
What is the units digit of 485109?
9
What is the ten thousands digit of 274687?
7
What is the units digit of 39344343?
3
What is the thousands digit of 523155?
3
What is the millions digit of 3694047?
3
What is the ten thousands digit of 6982376?
8
What is the units digit of 701187?
7
What is the thousands digit of 15865?
5
What is the units digit of 375181?
1
What is the thousands digit of 700836?
0
What is the hundreds digit of 1119996?
9
What is the ten thousands digit of 18185542?
8
What is the hundred thousands digit of 12462599?
4
What is the ten thousands digit of 1248556?
4
What is the hundred thousands digit of 409015?
4
What is the ten thousands digit of 7922926?
2
What is the ten millions digit of 17545030?
1
What is the hundred thousands digit of 1604707?
6
What is